r of 25872790?
False
Is 244 a factor of 12799900?
False
Does 257 divide 139111322?
False
Does 264 divide 138238056?
True
Does 792 divide 6556176?
True
Is 5 a factor of 48819343?
False
Does 11 divide 25451052?
True
Is 290237328 a multiple of 7?
False
Does 51 divide 50958465?
False
Is 8 a factor of 3755828?
False
Does 13 divide 38481612?
True
Does 284 divide 1469550778?
False
Is 236755097 a multiple of 784?
False
Does 219 divide 43804599?
True
Does 176 divide 847272073?
False
Does 154 divide 1566957392?
True
Is 36507660 a multiple of 21?
True
Is 29 a factor of 1542011063?
False
Does 237 divide 1773819627?
True
Does 13 divide 4661241086?
False
Is 393736596 a multiple of 803?
True
Is 332680512 a multiple of 66?
False
Is 46501989 a multiple of 21?
False
Is 199571795 a multiple of 107?
False
Is 40 a factor of 1567483032?
False
Is 280 a factor of 520831249?
False
Is 2897 a factor of 17483395?
True
Is 2341147221 a multiple of 339?
True
Does 64 divide 42123520?
True
Is 375589577 a multiple of 71?
False
Is 10 a factor of 452385940?
True
Is 10539553 a multiple of 3?
False
Is 86 a factor of 51012924?
False
Does 1147 divide 27472944?
True
Is 161209266 a multiple of 1014?
False
Is 5 a factor of 21755298?
False
Is 220 a factor of 161153318?
False
Does 64 divide 2411679?
False
Is 12314432 a multiple of 82?
True
Does 666 divide 167415084?
True
Does 3 divide 19319190?
True
Is 163024776 a multiple of 1467?
True
Does 7 divide 4825461?
False
Does 14 divide 74694340?
True
Is 3 a factor of 15528972?
True
Is 2292163284 a multiple of 6?
True
Does 121 divide 37840396?
False
Is 478326735 a multiple of 13?
False
Is 28812043 a multiple of 9?
False
Is 31 a factor of 212755015?
True
Is 1074 a factor of 34873854?
True
Is 56 a factor of 111434680?
True
Is 6277 a factor of 410553462?
True
Is 42 a factor of 101166828?
True
Is 80 a factor of 159640569?
False
Is 68 a factor of 266449840?
True
Is 18084832 a multiple of 405?
False
Is 247607844 a multiple of 2068?
True
Is 19268180 a multiple of 5?
True
Is 204253816 a multiple of 104?
True
Is 14067780 a multiple of 113?
False
Is 440885970 a multiple of 189?
True
Does 307 divide 23151177?
True
Is 82002236 a multiple of 2524?
True
Is 13455139 a multiple of 8?
False
Does 1035 divide 2671833369?
False
Is 1337 a factor of 588865606?
True
Is 6790 a factor of 1095851680?
True
Does 185 divide 25845980?
True
Does 1187 divide 326470796?
False
Is 404199981 a multiple of 2161?
False
Is 3830057986 a multiple of 1129?
True
Is 75 a factor of 63722328?
False
Is 42 a factor of 11476195?
False
Does 146 divide 694657926?
True
Is 39298228 a multiple of 212?
True
Is 37434636 a multiple of 228?
True
Does 5960 divide 30345617?
False
Does 11 divide 101946172?
False
Is 3695138 a multiple of 107?
True
Does 4 divide 249011742?
False
Is 4868 a factor of 985044668?
True
Is 8 a factor of 6333139?
False
Does 14 divide 1160411866?
False
Is 45617780 a multiple of 448?
False
Does 243 divide 3201768?
True
Is 55687731 a multiple of 11?
True
Is 5227967 a multiple of 2?
False
Does 117 divide 267641021?
False
Is 6359166 a multiple of 121?
False
Is 42 a factor of 25942988?
False
Is 85013497 a multiple of 9?
False
Is 148489814 a multiple of 31?
True
Does 4401 divide 481036320?
False
Is 5 a factor of 7160080?
True
Does 15 divide 157424700?
True
Does 10 divide 31507799?
False
Does 345 divide 301018020?
True
Is 622 a factor of 1655568070?
True
Does 14 divide 6256376?
True
Is 9 a factor of 61711569?
True
Does 321 divide 246527100?
False
Does 250 divide 1304309517?
False
Does 184 divide 1682898248?
False
Does 92 divide 177433040?
True
Is 5 a factor of 33891415?
True
Is 990 a factor of 28379313?
False
Does 5040 divide 68461333?
False
Is 2248837888 a multiple of 5968?
True
Is 2 a factor of 280531512?
True
Does 931 divide 1052728?
False
Is 288125278 a multiple of 322?
True
Is 35 a factor of 4002285?
True
Is 183 a factor of 73066791?
False
Is 146952681 a multiple of 122?
False
Is 1678947109 a multiple of 1337?
True
Does 800 divide 158471200?
True
Does 1118 divide 108516793?
False
Does 22 divide 6293849137?
False
Is 108630 a multiple of 6?
True
Does 3073 divide 84885402?
False
Does 138 divide 1940832?
True
Does 126 divide 16894710?
True
Does 6 divide 209603376?
True
Is 181 a factor of 7922792?
False
Is 1200305 a multiple of 2?
False
Does 194 divide 33695666?
True
Is 52969576 a multiple of 935?
False
Is 2022857375 a multiple of 1925?
True
Does 20 divide 8412980?
True
Is 29259406 a multiple of 22?
True
Is 33344828 a multiple of 2788?
False
Is 4 a factor of 1511159823?
False
Does 289 divide 2110521627?
True
Does 39 divide 107208699?
True
Does 8633 divide 1537045219?
True
Does 11 divide 940362071?
True
Is 122276441 a multiple of 29?
True
Is 52 a factor of 19966913?
False
Is 20 a factor of 1310657450?
False
Does 12 divide 172904304?
True
Does 41 divide 69600821?
True
Does 36 divide 6763654?
False
Is 91 a factor of 55283137?
True
Is 7 a factor of 24770291?
True
Does 1328 divide 203139546?
False
Does 5 divide 68559222?
False
Does 63 divide 480521664?
True
Is 48 a factor of 430911894?
False
Is 697865746 a multiple of 11?
False
Is 3482 a factor of 40081302?
True
Is 17302355 a multiple of 4150?
False
Is 10588858 a multiple of 3?
False
Is 39 a factor of 6193200?
True
Is 540155979 a multiple of 14?
False
Is 407982141 a multiple of 2011?
False
Is 137509995 a multiple of 7?
True
Is 13 a factor of 381282797?
False
Does 696 divide 584587800?
True
Is 330 a factor of 498777840?
True
Is 8940 a factor of 1387869735?
False
Is 1739262475 a multiple of 1478?
False
Does 1265 divide 637852990?
False
Is 86 a factor of 4606818757?
False
Is 159665042 a multiple of 101?
True
Does 17 divide 1194024733?
True
Is 185488659 a multiple of 171?
True
Does 68 divide 81957204?
True
Does 4 divide 553218929?
False
Is 5415 a factor of 205650870?
True
Does 36 divide 106736840?
False
Is 226 a factor of 10630136?
True
Is 310 a factor of 202692570?
True
Does 8 divide 203248720?
True
Is 1598385 a multiple of 37?
False
Does 5 divide 57158719?
False
Does 20 divide 5619877?
False
Does 334 divide 143548190?
True
Is 42177593 a multiple of 195?
False
Is 308879073 a multiple of 5416?
False
Is 1199133216 a multiple of 3084?
True
Is 1480009 a multiple of 156?
False
Is 231 a factor of 744791586?
True
Does 207 divide 65951856?
True
Is 2023 a factor of 28336241?
False
Is 847578365 a multiple of 11?
False
Is 43595744 a multiple of 260?
False
Is 552 a factor of 110201280?
True
Is 11 a factor of 41002170?
True
Is 37405016 a multiple of 22?
True
Is 12983636 a multiple of 239?
False
Does 96 divide 46828811?
False
Is 10928506 a multiple of 206?
True
Does 14 divide 47129686?
False
Does 1753 divide 2457644645?
True
Does 166 divide 132989904?
True
Is 44153696 a multiple of 116?
False
Is 125329798 a multiple of 1474?
True
Is 24 a factor of 149044827?
False
Is 885 a factor of 363128775?
True
Is 1081 a factor of 91748306?
False
Is 1281039241 a multiple of 54?
False
Is 27 a factor of 9842575?
False
Is 125 a factor of 1001591098?
False
Does 2139 divide 205414587?
True
Is 70650098 a multiple of 81?
False
Does 6903 divide 90056538?
True
Is 15895475 a multiple of 139?
False
Is 2221 a factor of 211672405?
True
Does 2133 divide 147221514?
False
Is 105095577 a multiple of 411?
True
Does 40 divide 282122206?
False
Does 899 divide 657398824?
False
Is 761 a factor of 4991470534?
True
Does 128 divide 1457024?
True
Does 32 divide 156686503?
False
Does 41 divide 58980266?
False
Is 10 a factor of 840891170?
True
Is 44143770 a multiple of 17?
False
Is 15 a factor of 1439450910?
True
Does 1411 divide 4288636?
False
Does 251 divide 1803948?
False
Is 348 a factor of 648557476?
False
Is 374007923 a multiple of 39?
False
Is 130152154 a multiple of 2406?
False
Is 851 a factor of 2202774354?
True
Does 13 divide 733125831?
False
Is 1518776975 a multiple of 92?
False
Is 3937004 a multiple of 178?
True
Is 442 a factor of 284288435?
False
Is 23028819 a multiple of 33?
True
Is 8 a factor of 25682604?
False
Does 114 divide 101303690?
False
Is 247 a factor of 556998686?
False
Is 51364870 a multiple of 93?
False
Does 37 divide 5167579164?
False
Does 129 divide 189551682?
False
Does 547 divide 8829127?
True
Is 2686403027 a multiple of 473?
True
Is 17867304 a multiple of 1701?
Tru